{"id":51,"date":"2025-01-21T15:34:56","date_gmt":"2025-01-21T14:34:56","guid":{"rendered":"https:\/\/amarecaux-equitation.fr\/?page_id=51"},"modified":"2025-04-08T11:11:30","modified_gmt":"2025-04-08T09:11:30","slug":"enseignement","status":"publish","type":"page","link":"https:\/\/amarecaux-equitation.fr\/index.php\/enseignement\/","title":{"rendered":"Enseignement"},"content":{"rendered":"\n<figure class=\"wp-block-image alignright size-full is-resized\"><img loading=\"lazy\" decoding=\"async\" width=\"527\" height=\"737\" src=\"https:\/\/amarecaux-equitation.fr\/wp-content\/uploads\/2025\/03\/Capture-decran-2025-03-28-135112.png\" alt=\"\" class=\"wp-image-479\" style=\"width:437px;height:auto\" srcset=\"https:\/\/amarecaux-equitation.fr\/wp-content\/uploads\/2025\/03\/Capture-decran-2025-03-28-135112.png 527w, https:\/\/amarecaux-equitation.fr\/wp-content\/uploads\/2025\/03\/Capture-decran-2025-03-28-135112-215x300.png 215w\" sizes=\"auto, (max-width: 527px) 100vw, 527px\" \/><\/figure>\n\n\n\n<h3 class=\"wp-block-heading has-ast-global-color-2-color has-text-color has-link-color has-medium-font-size wp-elements-856cb1c5754c6430d954d40e76b4267b\">\u00ab\u00a0Travailler avec des cavaliers pr\u00eat \u00e0 s&rsquo;investir pour s&rsquo;am\u00e9liorer et monter le mieux possible pour le bien-\u00eatre de leur cheval et le leur\u00a0\u00bb<\/h3>\n\n\n\n<p>Une approche p\u00e9dagogique sur-mesure, adapt\u00e9e aux cavaliers souhaitant am\u00e9liorer leur monte en cherchant la solution en eux, qu&rsquo;il soit d\u00e9butant ou confirm\u00e9. Mes programmes sont con\u00e7us pour r\u00e9pondre aux besoins sp\u00e9cifiques de chacun, afin de vous aider \u00e0 progresser, perfectionner votre technique, et renforcer votre lien avec votre cheval. <\/p>\n\n\n\n<p>Mon enseignement est bas\u00e9 sur des explications rationnelles en lien avec la biom\u00e9canique (scientifiques et physiques) pour que vous puissiez analyser des param\u00e8tres concrets et mesurables afin d&rsquo;avoir un moyen d&rsquo;agir efficacement sur votre \u00e9quitation ! Pas de hasard dans votre communication avec votre cheval, vous serez capable de g\u00e9rer votre corps et sentir \u00ab\u00a0le bon moment\u00a0\u00bb pour agir ou c\u00e9der.<\/p>\n\n\n\n<p>Etre pr\u00eat \u00e0 se remettre en question et se donner les moyens physiquement et mentalement pour progresser. Cela passe par des \u00e9tapes o\u00f9 il faut sortir de sa zone de confort, arr\u00eater de se cacher derri\u00e8re des excuses ou des solutions de facilit\u00e9s utilis\u00e9es souvent pour pallier ses lacunes psychomotrices et son manque de connaissances. Prendre le temps d&rsquo;installer des bases solides pour une progression durable et une relation harmonieuse avec son cheval avec un respect mutuel.<\/p>\n\n\n\n<p class=\"has-medium-font-size\"><strong>D\u00e9couvrez trois principaux services :<\/strong><\/p>\n\n\n\n<h3 class=\"wp-block-heading has-ast-global-color-8-color has-text-color has-link-color has-medium-font-size wp-elements-eeefd1bad0d77292c6c29cea64445de8\"><strong>Stage perfectionnement Cavalier &#8211; Ta Position Optimis\u00e9e<\/strong><\/h3>\n\n\n\n<p>Le stage perfectionnement <strong>\u00ab Ta Position Optimis\u00e9e \u00bb<\/strong> est une opportunit\u00e9 unique pour perfectionner votre position \u00e0 cheval et am\u00e9liorer votre technique de mani\u00e8re efficace. Il s&rsquo;adresse aux cavaliers de tous niveaux et permet de travailler sur l&rsquo;\u00e9quilibre, la posture et la coordination. En analysant votre position et en optimisant vos sensations \u00e0 cheval, vous apprendrez \u00e0 mieux communiquer avec votre monture et \u00e0 progresser rapidement dans votre \u00e9quitation.<\/p>\n\n\n\n<p>Ce stage est con\u00e7u pour vous offrir un suivi personnalis\u00e9 et une progression constante, gr\u00e2ce \u00e0 des exercices pratiques, des corrections cibl\u00e9es et une approche adapt\u00e9e \u00e0 vos besoins sp\u00e9cifiques.<\/p>\n\n\n\n<h3 class=\"wp-block-heading has-ast-global-color-8-color has-text-color has-link-color has-medium-font-size wp-elements-5257eebefd30ac53558b5c7ba4ed406e\"><strong>Cours Particuliers<\/strong><\/h3>\n\n\n\n<p>Les <strong>cours particuliers<\/strong> sont l&rsquo;outil parfait pour les cavaliers qui souhaitent un suivi complet et personnalis\u00e9. Chaque cours est con\u00e7u pour r\u00e9pondre \u00e0 vos objectifs, que ce soit pour am\u00e9liorer votre position, affiner vos aides ou renforcer votre \u00e9quilibre \u00e0 cheval. Gr\u00e2ce \u00e0 une analyse approfondie de votre posture et de vos gestes, vous recevrez des conseils pr\u00e9cis pour corriger les points \u00e0 am\u00e9liorer et optimiser votre technique.<\/p>\n\n\n\n<p>Chaque s\u00e9ance est un moment privil\u00e9gi\u00e9 pour progresser \u00e0 votre rythme, avec des exercices adapt\u00e9s \u00e0 vos besoins. Nous mettons \u00e9galement \u00e0 votre disposition des outils p\u00e9dagogiques innovants, comme l\u2019analyse vid\u00e9o, pour suivre vos progr\u00e8s et ajuster votre technique.<\/p>\n\n\n\n<h3 class=\"wp-block-heading has-ast-global-color-8-color has-text-color has-link-color has-medium-font-size wp-elements-c9666309ff788c5368b312379c7897a3\"><strong>Remplacement &#8211; Monitrice Rempla\u00e7ante<\/strong><\/h3>\n\n\n\n<p>En tant que <strong>monitrice rempla\u00e7ante<\/strong>, nous vous offrons la possibilit\u00e9 d\u2019assurer la continuit\u00e9 de vos cours d\u2019\u00e9quitation, m\u00eame en votre absence. Que vous soyez un club \u00e9questre ou une structure qui a besoin d\u2019un remplacement ponctuel ou prolong\u00e9, nous nous adaptons \u00e0 vos besoins. Avec une exp\u00e9rience vari\u00e9e dans l&rsquo;enseignement, je propose des cours collectifs ou individuels, ainsi que des ateliers th\u00e9matiques.<\/p>\n\n\n\n<p>Mon approche p\u00e9dagogique est bienveillante et professionnelle, visant \u00e0 offrir un enseignement de qualit\u00e9 et \u00e0 garantir une progression continue des cavaliers, m\u00eame pendant une p\u00e9riode de remplacement.<\/p>\n\n\n\n<p class=\"has-medium-font-size\"><strong>Conf\u00e9rences et formations<\/strong><\/p>\n\n\n\n<p>J&rsquo;interviens sur des \u00e9v\u00e8nements comme des salons ou dans des formations en animant des conf\u00e9rences sur l&rsquo;am\u00e9lioration de la position du cavalier notamment et l&rsquo;importance de la posture et du ressenti dans la progression. J&rsquo;aborde \u00e9galement des notions de biom\u00e9canique du cavalier en selle. <\/p>\n\n\n\n<p><strong>Contactez-moi d\u00e8s aujourd\u2019hui<\/strong> pour plus d\u2019informations sur nos services et commencer \u00e0 travailler sur votre progression \u00e0 cheval !<\/p>\n\n\n\n<p><\/p>\n","protected":false},"excerpt":{"rendered":"<p>\u00ab\u00a0Travailler avec des cavaliers pr\u00eat \u00e0 s&rsquo;investir pour s&rsquo;am\u00e9liorer et monter le mieux possible pour le bien-\u00eatre de leur cheval [&hellip;]<\/p>\n","protected":false},"author":1,"featured_media":0,"parent":0,"menu_order":0,"comment_status":"closed","ping_status":"closed","template":"","meta":{"site-sidebar-layout":"default","site-content-layout":"","ast-site-content-layout":"","site-content-style":"default","site-sidebar-style":"default","ast-global-header-display":"","ast-banner-title-visibility":"","ast-main-header-display":"","ast-hfb-above-header-display":"","ast-hfb-below-header-display":"","ast-hfb-mobile-header-display":"","site-post-title":"","ast-breadcrumbs-content":"","ast-featured-img":"","footer-sml-layout":"","theme-transparent-header-meta":"","adv-header-id-meta":"","stick-header-meta":"","header-above-stick-meta":"","header-main-stick-meta":"","header-below-stick-meta":"","astra-migrate-meta-layouts":"default","ast-page-background-enabled":"default","ast-page-background-meta":{"desktop":{"background-color":"var(--ast-global-color-5)","background-image":"","background-repeat":"repeat","background-position":"center center","background-size":"auto","background-attachment":"scroll","background-type":"","background-media":"","overlay-type":"","overlay-color":"","overlay-opacity":"","overlay-gradient":""},"tablet":{"background-color":"","background-image":"","background-repeat":"repeat","background-position":"center center","background-size":"auto","background-attachment":"scroll","background-type":"","background-media":"","overlay-type":"","overlay-color":"","overlay-opacity":"","overlay-gradient":""},"mobile":{"background-color":"","background-image":"","background-repeat":"repeat","background-position":"center center","background-size":"auto","background-attachment":"scroll","background-type":"","background-media":"","overlay-type":"","overlay-color":"","overlay-opacity":"","overlay-gradient":""}},"ast-content-background-meta":{"desktop":{"background-color":"var(--ast-global-color-4)","background-image":"","background-repeat":"repeat","background-position":"center center","background-size":"auto","background-attachment":"scroll","background-type":"","background-media":"","overlay-type":"","overlay-color":"","overlay-opacity":"","overlay-gradient":""},"tablet":{"background-color":"var(--ast-global-color-4)","background-image":"","background-repeat":"repeat","background-position":"center center","background-size":"auto","background-attachment":"scroll","background-type":"","background-media":"","overlay-type":"","overlay-color":"","overlay-opacity":"","overlay-gradient":""},"mobile":{"background-color":"var(--ast-global-color-4)","background-image":"","background-repeat":"repeat","background-position":"center center","background-size":"auto","background-attachment":"scroll","background-type":"","background-media":"","overlay-type":"","overlay-color":"","overlay-opacity":"","overlay-gradient":""}},"footnotes":""},"class_list":["post-51","page","type-page","status-publish","hentry"],"_links":{"self":[{"href":"https:\/\/amarecaux-equitation.fr\/index.php\/wp-json\/wp\/v2\/pages\/51","targetHints":{"allow":["GET"]}}],"collection":[{"href":"https:\/\/amarecaux-equitation.fr\/index.php\/wp-json\/wp\/v2\/pages"}],"about":[{"href":"https:\/\/amarecaux-equitation.fr\/index.php\/wp-json\/wp\/v2\/types\/page"}],"author":[{"embeddable":true,"href":"https:\/\/amarecaux-equitation.fr\/index.php\/wp-json\/wp\/v2\/users\/1"}],"replies":[{"embeddable":true,"href":"https:\/\/amarecaux-equitation.fr\/index.php\/wp-json\/wp\/v2\/comments?post=51"}],"version-history":[{"count":9,"href":"https:\/\/amarecaux-equitation.fr\/index.php\/wp-json\/wp\/v2\/pages\/51\/revisions"}],"predecessor-version":[{"id":514,"href":"https:\/\/amarecaux-equitation.fr\/index.php\/wp-json\/wp\/v2\/pages\/51\/revisions\/514"}],"wp:attachment":[{"href":"https:\/\/amarecaux-equitation.fr\/index.php\/wp-json\/wp\/v2\/media?parent=51"}],"curies":[{"name":"wp","href":"https:\/\/api.w.org\/{rel}","templated":true}]}}