{"id":55,"date":"2025-01-21T15:36:51","date_gmt":"2025-01-21T14:36:51","guid":{"rendered":"https:\/\/amarecaux-equitation.fr\/?page_id=55"},"modified":"2025-10-19T11:39:04","modified_gmt":"2025-10-19T09:39:04","slug":"cavalfix","status":"publish","type":"page","link":"https:\/\/amarecaux-equitation.fr\/index.php\/cavalfix\/","title":{"rendered":"Caval&rsquo;Fix"},"content":{"rendered":"\n<p class=\"has-medium-font-size\"><strong>Caval&rsquo;Fix : l&rsquo;\u00e9lastique p\u00e9dagogique brevet\u00e9  \u2013 A Mar\u00e9caux \u00c9quitation<\/strong><\/p>\n\n\n\n<figure class=\"wp-block-gallery aligncenter has-nested-images columns-default is-cropped wp-block-gallery-1 is-layout-flex wp-block-gallery-is-layout-flex\">\n<figure class=\"wp-block-image size-large\"><a href=\"https:\/\/www.youtube.com\/watch?v=YfHOngNtxJo\"><img loading=\"lazy\" decoding=\"async\" width=\"768\" height=\"1024\" data-id=\"286\" src=\"https:\/\/amarecaux-equitation.fr\/wp-content\/uploads\/2025\/02\/IMG_1602-768x1024.jpg\" alt=\"\" class=\"wp-image-286\" srcset=\"https:\/\/amarecaux-equitation.fr\/wp-content\/uploads\/2025\/02\/IMG_1602-768x1024.jpg 768w, https:\/\/amarecaux-equitation.fr\/wp-content\/uploads\/2025\/02\/IMG_1602-225x300.jpg 225w, https:\/\/amarecaux-equitation.fr\/wp-content\/uploads\/2025\/02\/IMG_1602-1152x1536.jpg 1152w, https:\/\/amarecaux-equitation.fr\/wp-content\/uploads\/2025\/02\/IMG_1602-1536x2048.jpg 1536w, https:\/\/amarecaux-equitation.fr\/wp-content\/uploads\/2025\/02\/IMG_1602-scaled.jpg 1920w\" sizes=\"auto, (max-width: 768px) 100vw, 768px\" \/><\/a><\/figure>\n\n\n\n<figure class=\"wp-block-image size-full\"><img loading=\"lazy\" decoding=\"async\" width=\"480\" height=\"680\" data-id=\"538\" src=\"http:\/\/amarecaux-equitation.fr\/wp-content\/uploads\/2025\/10\/Capture-decran-2025-10-19-110514.png\" alt=\"\" class=\"wp-image-538\" srcset=\"https:\/\/amarecaux-equitation.fr\/wp-content\/uploads\/2025\/10\/Capture-decran-2025-10-19-110514.png 480w, https:\/\/amarecaux-equitation.fr\/wp-content\/uploads\/2025\/10\/Capture-decran-2025-10-19-110514-212x300.png 212w\" sizes=\"auto, (max-width: 480px) 100vw, 480px\" \/><\/figure>\n\n\n\n<figure class=\"wp-block-image size-large\"><img loading=\"lazy\" decoding=\"async\" width=\"236\" height=\"323\" data-id=\"197\" src=\"https:\/\/amarecaux-equitation.fr\/wp-content\/uploads\/2025\/01\/Capture-decran-2025-01-21-124240.png\" alt=\"\" class=\"wp-image-197\" srcset=\"https:\/\/amarecaux-equitation.fr\/wp-content\/uploads\/2025\/01\/Capture-decran-2025-01-21-124240.png 236w, https:\/\/amarecaux-equitation.fr\/wp-content\/uploads\/2025\/01\/Capture-decran-2025-01-21-124240-219x300.png 219w\" sizes=\"auto, (max-width: 236px) 100vw, 236px\" \/><\/figure>\n\n\n\n<figure class=\"wp-block-image size-full\"><img loading=\"lazy\" decoding=\"async\" width=\"795\" height=\"556\" data-id=\"540\" src=\"http:\/\/amarecaux-equitation.fr\/wp-content\/uploads\/2025\/10\/Capture-decran-2025-10-19-113016.png\" alt=\"\" class=\"wp-image-540\" srcset=\"https:\/\/amarecaux-equitation.fr\/wp-content\/uploads\/2025\/10\/Capture-decran-2025-10-19-113016.png 795w, https:\/\/amarecaux-equitation.fr\/wp-content\/uploads\/2025\/10\/Capture-decran-2025-10-19-113016-300x210.png 300w, https:\/\/amarecaux-equitation.fr\/wp-content\/uploads\/2025\/10\/Capture-decran-2025-10-19-113016-768x537.png 768w\" sizes=\"auto, (max-width: 795px) 100vw, 795px\" \/><\/figure>\n<\/figure>\n\n\n\n<p>Caval\u2019Fix est un outil innovant et \u00e9ducatif con\u00e7u pour am\u00e9liorer la position du cavalier, la finesse de ses actions et la fluidit\u00e9 de sa communication avec son cheval. En utilisant cet \u00e9lastique sp\u00e9cialement con\u00e7u, vous serez capable de corriger des d\u00e9fauts de position, fixer vos mains, gagner en stabilit\u00e9 et de favoriser une meilleure coordination de vos aides.<\/p>\n\n\n\n<h3 class=\"wp-block-heading has-medium-font-size\"><strong>Pourquoi choisir Caval\u2019Fix ?<\/strong><\/h3>\n\n\n\n<p>Caval\u2019Fix est un \u00e9lastique \u00e0 vis\u00e9e p\u00e9dagogique qui aide \u00e0 fixer les coudes le long du corps et \u00e0 aligner correctement les bras, un geste essentiel pour am\u00e9liorer le contact avec la bouche du cheval. Cet outil favorise une position plus stable, un meilleur \u00e9quilibre et permet une plus grande d\u00e9contraction dans les bras. De plus, il favorise le redressement du buste du cavalier.<\/p>\n\n\n\n<p>Avec <strong>Caval\u2019Fix<\/strong>, vous allez pouvoir :<\/p>\n\n\n\n<ul class=\"wp-block-list\">\n<li><strong>Am\u00e9liorer votre position<\/strong> : Maintenez vos bras et coudes dans une position id\u00e9ale pour mieux contr\u00f4ler votre cheval.<\/li>\n\n\n\n<li><strong>Gagner en fluidit\u00e9<\/strong> : R\u00e9duisez les gestes inutiles et am\u00e9liorez la finesse de vos actions.<\/li>\n\n\n\n<li><strong>Optimiser la communication avec votre cheval<\/strong> : Moins de pression sur la main, plus de r\u00e9activit\u00e9 avec l&rsquo;assiette et les jambes.<\/li>\n\n\n\n<li><strong>Confort et adaptabilit\u00e9<\/strong> : Disponible en 5 tailles pour un ajustement parfait, et possibilit\u00e9 de personnaliser la couleur des lichettes.<\/li>\n<\/ul>\n\n\n\n<h3 class=\"wp-block-heading has-medium-font-size\"><strong>Les 3 F du cavalier en selle : Fixit\u00e9, Finesse, Fluidit\u00e9<\/strong><\/h3>\n\n\n\n<p><strong>Fixit\u00e9<\/strong> : Caval\u2019Fix maintient vos bras dans une position stable et naturelle, r\u00e9duisant les mouvements superflus qui peuvent perturber la communication avec votre cheval.<\/p>\n\n\n\n<p><strong>Finesse<\/strong> : En favorisant la coordination de vos aides, cet \u00e9lastique vous aide \u00e0 effectuer des actions plus fines et plus pr\u00e9cises, cr\u00e9ant ainsi un meilleur contact avec la bouche de votre cheval.<\/p>\n\n\n\n<p><strong>Fluidit\u00e9<\/strong> : En rel\u00e2chant vos bras dans une position optimale vous gagner en fluidit\u00e9 dans vos gestes et donc un meilleur accompagnement des mouvements. Vous \u00eatre plus avec votre cheval, dans le bon sens vers la progression.<\/p>\n\n\n\n<h3 class=\"wp-block-heading has-medium-font-size\"><strong>Disponible en plusieurs tailles et personnalisations<\/strong><\/h3>\n\n\n\n<figure class=\"wp-block-image alignright is-resized\"><img decoding=\"async\" src=\"https:\/\/amarecaux-equitation.fr\/wp-content\/uploads\/2025\/03\/Capture-decran-2025-02-19-140027.png\" alt=\"L\u2019attribut alt de cette image est vide, son nom de fichier est Capture-decran-2025-02-19-140027.png.\" style=\"width:244px;height:auto\"\/><\/figure>\n\n\n\n<p>Caval\u2019Fix est propos\u00e9 en <strong>5 tailles<\/strong> diff\u00e9rentes pour s\u2019adapter parfaitement \u00e0 chaque cavalier, que vous soyez d\u00e9butant ou exp\u00e9riment\u00e9. Le mod\u00e8le de base est disponible en couleur noire avec des lichettes noires, mais vous pouvez personnaliser la couleur des lichettes selon vos pr\u00e9f\u00e9rences.<\/p>\n\n\n\n<h3 class=\"wp-block-heading has-medium-font-size\"><strong>Pack Starter Club<\/strong><\/h3>\n\n\n\n<p>Pour les clubs \u00e9questres et les groupes, nous proposons \u00e9galement le <strong>Pack Starter Club<\/strong> qui comprend un lot de 10 \u00e9lastiques (2 de chaque taille) avec des lichettes de couleurs diff\u00e9rentes pour identifier facilement les tailles. Le tarif est de <strong>350\u20ac<\/strong> ce qui vous fait une remise de 10\u20ac par \u00e9lastique.<\/p>\n\n\n\n<h3 class=\"wp-block-heading has-medium-font-size\"><strong>Comment commander ?<\/strong><\/h3>\n\n\n\n<p>Les \u00e9lastiques sont fabriqu\u00e9s sur commande par une couturi\u00e8re partenaire. Les commandes sont possibles directement <strong>sur internet<\/strong> via la <a href=\"https:\/\/amarecaux-equitation.sumupstore.com\/search?search=caval+fix\">boutique en ligne<\/a> ou <strong>par email<\/strong> \u00e0 <strong><a>aureliemarecaux59@gmail.com<\/a><\/strong>. <\/p>\n\n\n\n<p>Pour toute question ou informations suppl\u00e9mentaire ainsi que pour les demandes sp\u00e9cifiques et devis personnalis\u00e9s, il est pr\u00e9f\u00e9rable de m&rsquo;envoyer un mail ou de m&rsquo;appeler au <strong>+33 6 23 78 61 78<\/strong>.<\/p>\n\n\n\n<h3 class=\"wp-block-heading has-medium-font-size\"><strong>Testez Caval\u2019Fix d\u00e8s aujourd\u2019hui et am\u00e9liorez votre position \u00e0 cheval !<\/strong><\/h3>\n\n\n\n<p>Fini les bras fig\u00e9s, fini la cravache dans le dos ! Caval\u2019Fix est l&rsquo;outil id\u00e9al pour am\u00e9liorer votre position, vos actions et la communication avec votre cheval de mani\u00e8re simple et efficace.<br>Envie de le tester avant de commander ? C&rsquo;est possible sur rendez vous !<\/p>\n\n\n\n<figure class=\"wp-block-embed is-type-video is-provider-youtube wp-block-embed-youtube wp-embed-aspect-16-9 wp-has-aspect-ratio\"><div class=\"wp-block-embed__wrapper\">\n<div class=\"ast-oembed-container \" style=\"height: 100%;\"><iframe loading=\"lazy\" title=\"Caval\u2019Fix : votre alli\u00e9 vers la fixit\u00e9 !\" width=\"500\" height=\"281\" src=\"https:\/\/www.youtube.com\/embed\/YfHOngNtxJo?start=1&#038;feature=oembed\" frameborder=\"0\" allow=\"accelerometer; autoplay; clipboard-write; encrypted-media; gyroscope; picture-in-picture; web-share\" referrerpolicy=\"strict-origin-when-cross-origin\" allowfullscreen><\/iframe><\/div>\n<\/div><\/figure>\n\n\n\n<p class=\"has-medium-font-size\"><strong>Questions fr\u00e9quentes <\/strong><\/p>\n\n\n\n<div class=\"wp-block-columns is-layout-flex wp-container-core-columns-is-layout-28f84493 wp-block-columns-is-layout-flex\">\n<div class=\"wp-block-column is-layout-flow wp-block-column-is-layout-flow\" style=\"flex-basis:50%\">\n<figure class=\"wp-block-image size-large\"><img loading=\"lazy\" decoding=\"async\" width=\"1024\" height=\"593\" src=\"https:\/\/amarecaux-equitation.fr\/wp-content\/uploads\/2025\/04\/Capture-decran-2025-04-17-152529-1024x593.png\" alt=\"\" class=\"wp-image-522\" srcset=\"https:\/\/amarecaux-equitation.fr\/wp-content\/uploads\/2025\/04\/Capture-decran-2025-04-17-152529-1024x593.png 1024w, https:\/\/amarecaux-equitation.fr\/wp-content\/uploads\/2025\/04\/Capture-decran-2025-04-17-152529-300x174.png 300w, https:\/\/amarecaux-equitation.fr\/wp-content\/uploads\/2025\/04\/Capture-decran-2025-04-17-152529-768x445.png 768w, https:\/\/amarecaux-equitation.fr\/wp-content\/uploads\/2025\/04\/Capture-decran-2025-04-17-152529.png 1032w\" sizes=\"auto, (max-width: 1024px) 100vw, 1024px\" \/><\/figure>\n<\/div>\n\n\n\n<div class=\"wp-block-column is-layout-flow wp-block-column-is-layout-flow\" style=\"flex-basis:50%\">\n<figure class=\"wp-block-image size-full\"><img loading=\"lazy\" decoding=\"async\" width=\"995\" height=\"589\" src=\"https:\/\/amarecaux-equitation.fr\/wp-content\/uploads\/2025\/04\/Capture-decran-2025-04-17-152547.png\" alt=\"\" class=\"wp-image-523\" srcset=\"https:\/\/amarecaux-equitation.fr\/wp-content\/uploads\/2025\/04\/Capture-decran-2025-04-17-152547.png 995w, https:\/\/amarecaux-equitation.fr\/wp-content\/uploads\/2025\/04\/Capture-decran-2025-04-17-152547-300x178.png 300w, https:\/\/amarecaux-equitation.fr\/wp-content\/uploads\/2025\/04\/Capture-decran-2025-04-17-152547-768x455.png 768w\" sizes=\"auto, (max-width: 995px) 100vw, 995px\" \/><\/figure>\n<\/div>\n<\/div>\n","protected":false},"excerpt":{"rendered":"<p>Caval&rsquo;Fix : l&rsquo;\u00e9lastique p\u00e9dagogique brevet\u00e9 \u2013 A Mar\u00e9caux \u00c9quitation Caval\u2019Fix est un outil innovant et \u00e9ducatif con\u00e7u pour am\u00e9liorer la [&hellip;]<\/p>\n","protected":false},"author":1,"featured_media":0,"parent":0,"menu_order":0,"comment_status":"closed","ping_status":"closed","template":"","meta":{"site-sidebar-layout":"default","site-content-layout":"","ast-site-content-layout":"","site-content-style":"default","site-sidebar-style":"default","ast-global-header-display":"","ast-banner-title-visibility":"","ast-main-header-display":"","ast-hfb-above-header-display":"","ast-hfb-below-header-display":"","ast-hfb-mobile-header-display":"","site-post-title":"","ast-breadcrumbs-content":"","ast-featured-img":"","footer-sml-layout":"","theme-transparent-header-meta":"","adv-header-id-meta":"","stick-header-meta":"","header-above-stick-meta":"","header-main-stick-meta":"","header-below-stick-meta":"","astra-migrate-meta-layouts":"default","ast-page-background-enabled":"default","ast-page-background-meta":{"desktop":{"background-color":"var(--ast-global-color-5)","background-image":"","background-repeat":"repeat","background-position":"center center","background-size":"auto","background-attachment":"scroll","background-type":"","background-media":"","overlay-type":"","overlay-color":"","overlay-opacity":"","overlay-gradient":""},"tablet":{"background-color":"","background-image":"","background-repeat":"repeat","background-position":"center center","background-size":"auto","background-attachment":"scroll","background-type":"","background-media":"","overlay-type":"","overlay-color":"","overlay-opacity":"","overlay-gradient":""},"mobile":{"background-color":"","background-image":"","background-repeat":"repeat","background-position":"center center","background-size":"auto","background-attachment":"scroll","background-type":"","background-media":"","overlay-type":"","overlay-color":"","overlay-opacity":"","overlay-gradient":""}},"ast-content-background-meta":{"desktop":{"background-color":"var(--ast-global-color-4)","background-image":"","background-repeat":"repeat","background-position":"center center","background-size":"auto","background-attachment":"scroll","background-type":"","background-media":"","overlay-type":"","overlay-color":"","overlay-opacity":"","overlay-gradient":""},"tablet":{"background-color":"var(--ast-global-color-4)","background-image":"","background-repeat":"repeat","background-position":"center center","background-size":"auto","background-attachment":"scroll","background-type":"","background-media":"","overlay-type":"","overlay-color":"","overlay-opacity":"","overlay-gradient":""},"mobile":{"background-color":"var(--ast-global-color-4)","background-image":"","background-repeat":"repeat","background-position":"center center","background-size":"auto","background-attachment":"scroll","background-type":"","background-media":"","overlay-type":"","overlay-color":"","overlay-opacity":"","overlay-gradient":""}},"footnotes":""},"class_list":["post-55","page","type-page","status-publish","hentry"],"_links":{"self":[{"href":"https:\/\/amarecaux-equitation.fr\/index.php\/wp-json\/wp\/v2\/pages\/55","targetHints":{"allow":["GET"]}}],"collection":[{"href":"https:\/\/amarecaux-equitation.fr\/index.php\/wp-json\/wp\/v2\/pages"}],"about":[{"href":"https:\/\/amarecaux-equitation.fr\/index.php\/wp-json\/wp\/v2\/types\/page"}],"author":[{"embeddable":true,"href":"https:\/\/amarecaux-equitation.fr\/index.php\/wp-json\/wp\/v2\/users\/1"}],"replies":[{"embeddable":true,"href":"https:\/\/amarecaux-equitation.fr\/index.php\/wp-json\/wp\/v2\/comments?post=55"}],"version-history":[{"count":16,"href":"https:\/\/amarecaux-equitation.fr\/index.php\/wp-json\/wp\/v2\/pages\/55\/revisions"}],"predecessor-version":[{"id":541,"href":"https:\/\/amarecaux-equitation.fr\/index.php\/wp-json\/wp\/v2\/pages\/55\/revisions\/541"}],"wp:attachment":[{"href":"https:\/\/amarecaux-equitation.fr\/index.php\/wp-json\/wp\/v2\/media?parent=55"}],"curies":[{"name":"wp","href":"https:\/\/api.w.org\/{rel}","templated":true}]}}