{"id":69,"date":"2025-01-21T15:48:36","date_gmt":"2025-01-21T14:48:36","guid":{"rendered":"https:\/\/amarecaux-equitation.fr\/?page_id=69"},"modified":"2025-04-08T12:01:33","modified_gmt":"2025-04-08T10:01:33","slug":"stage-cavalier","status":"publish","type":"page","link":"https:\/\/amarecaux-equitation.fr\/index.php\/stage-cavalier\/","title":{"rendered":"Stage cavalier"},"content":{"rendered":"\n<p><strong>Stage cavalier  \u2013 A Mar\u00e9caux \u00c9quitation<\/strong><\/p>\n\n\n\n<figure class=\"wp-block-image aligncenter size-full is-style-rounded\"><img loading=\"lazy\" decoding=\"async\" width=\"293\" height=\"193\" src=\"https:\/\/amarecaux-equitation.fr\/wp-content\/uploads\/2025\/02\/Capture-decran-2025-01-21-124201.png\" alt=\"\" class=\"wp-image-290\"\/><\/figure>\n\n\n\n<h3 class=\"wp-block-heading has-medium-font-size\"><strong>Pourquoi participer aux stages de perfectionnement ?<\/strong><\/h3>\n\n\n\n<p>Les <strong>stages perfectionnement Position et Ressenti <\/strong> sont con\u00e7us pour les cavaliers souhaitant perfectionner leur technique et am\u00e9liorer leur position \u00e0 cheval. Que vous soyez d\u00e9butant ou cavalier confirm\u00e9, ce stage vous permettra de travailler en profondeur sur les points cl\u00e9s de votre posture, votre \u00e9quilibre, et votre ressenti \u00e0 cheval.<\/p>\n\n\n\n<p>Une position correcte est la base de toute \u00e9quitation fluide et efficace. Une posture optimale ne se contente pas d&rsquo;am\u00e9liorer votre confort, elle permet \u00e9galement une communication plus pr\u00e9cise avec votre cheval. Vous apprendrez \u00e0 ajuster vos aides et \u00e0 mieux comprendre les mouvements du cheval pour une progression plus rapide et plus harmonieuse.<\/p>\n\n\n\n<h3 class=\"wp-block-heading has-medium-font-size\"><strong>Les objectifs des stages : avoir un d\u00e9clic et conscientiser ses sensations et ses mouvements<\/strong><\/h3>\n\n\n\n<p>Les stages sont structur\u00e9s pour vous aider \u00e0 optimiser chaque aspect de votre \u00e9quitation, qu\u2019il s\u2019agisse de la <strong>posture<\/strong> \u00e0 cheval, du <strong>ressenti<\/strong> des allures du cheval, ou de la <strong>gestion de votre \u00e9quilibre<\/strong>. L\u2019objectif est simple : vous aider \u00e0 devenir un cavalier plus pr\u00e9cis et plus \u00e0 l\u2019aise, avec une meilleure ma\u00eetrise de votre position et de votre coordination. Voici ce que vous allez travailler pendant le stage :<\/p>\n\n\n\n<ul class=\"wp-block-list\">\n<li><strong>Analyse compl\u00e8te de votre position \u00e0 cheval :<\/strong> Passer en revue chaque point cl\u00e9 de votre posture pour l\u2019optimiser, que ce soit en termes de stabilit\u00e9, de position des jambes, des \u00e9paules, ou de la t\u00eate. Vous comprendrez ce qu&rsquo;il faut ajuster pour \u00eatre plus \u00e9quilibr\u00e9 et plus efficace.<\/li>\n\n\n\n<li><strong>Optimisation des sensations :<\/strong> Il ne suffit pas de savoir o\u00f9 se trouve votre corps ; il faut aussi savoir le ressentir. \u00c0 travers des exercices pratiques et cibl\u00e9s, vous apprendrez \u00e0 mieux comprendre et ressentir les mouvements de votre cheval, et comment ces sensations influencent votre posture et votre communication avec lui.<\/li>\n\n\n\n<li><strong>Gestion de l\u2019\u00e9quilibre :<\/strong> Un cavalier bien \u00e9quilibr\u00e9 est plus \u00e0 l\u2019aise et plus r\u00e9actif. Ce stage vous aidera \u00e0 renforcer votre stabilit\u00e9 \u00e0 cheval, m\u00eame dans les moments o\u00f9 vous devez g\u00e9rer des situations complexes (par exemple, lors de changements d\u2019allures, de transitions ou dans des man\u0153uvres d\u00e9licates).<\/li>\n\n\n\n<li><strong>Pr\u00e9paration physique et mentale :<\/strong> Mise en conditions physique et mentale gr\u00e2ce \u00e0 un \u00e9chauffement, aux ateliers psychomoteurs et une partie th\u00e9orique pour que puissiez mettre des mots et des images sur des notions abstraites. La pr\u00e9paration est une \u00e9tape cl\u00e9 pour maximiser votre efficacit\u00e9 pendant les exercices et \u00eatre pr\u00eat \u00e0 progresser de mani\u00e8re optimale.<\/li>\n<\/ul>\n\n\n\n<h3 class=\"wp-block-heading has-medium-font-size\"><strong>Les diff\u00e9rentes formules pour s\u2019adapter \u00e0 vos besoins<\/strong><\/h3>\n\n\n\n<p>Je propose plusieurs options de stage afin de r\u00e9pondre aux besoins de chaque cavalier, avec des s\u00e9ances collectives ou individuelles. Vous avez le choix entre plusieurs formules, toutes offrant un suivi personnalis\u00e9 et des exercices adapt\u00e9s \u00e0 votre niveau.<\/p>\n\n\n\n<ul class=\"wp-block-list\">\n<li><strong>Stage  2H<\/strong> : Ateliers psychomoteurs et\/ou cheval m\u00e9canique et\/ou s\u00e9ance \u00e0 cheval (2 <br><strong>Tarif :<\/strong> environ 50\u20ac par personne. <em>Tarif variable en fonction du lieu du stage, du nombre de cavalier et des \u00e9ventuelles options suppl\u00e9mentaires<\/em>.<br><strong>Effectif :<\/strong> 1 \u00e0 3 cavalier<br><\/li>\n\n\n\n<li><strong>Stage 1\/2 journ\u00e9e (3 \u00e0 4 heures)<\/strong> : Ateliers psychomoteurs &#8211; cheval m\u00e9canique &#8211; 1 s\u00e9ance \u00e0 cheval <br><strong>Tarif :<\/strong> environ 70\u20ac par personne. <em>Tarif variable en fonction du lieu du stage, du nombre de cavalier et des \u00e9ventuelles options suppl\u00e9mentaires<\/em>.<br><strong>Effectif :<\/strong> 3 \u00e0 4 cavaliers maximum<br><\/li>\n\n\n\n<li><strong>Stage journ\u00e9e (6 \u00e0 8 heures)<\/strong> : Ateliers psychomoteurs &#8211; cheval m\u00e9canique &#8211; analyse vid\u00e9o &#8211; exercices renforcement musculaire &#8211; \u00e9tirements &#8211; 1 ou 2 s\u00e9ance \u00e0 cheval <br><strong>Tarif :<\/strong> environ 110\u20ac par personne. <em>Tarif variable en fonction du lieu du stage, du nombre de cavalier et des \u00e9ventuelles options suppl\u00e9mentaires<\/em>.<br><strong>Effectif :<\/strong> 3 \u00e0 5 cavaliers maximum<\/li>\n<\/ul>\n\n\n\n<p>Les stages peuvent se faire avec votre cheval ou un cheval \u00e0 prendre en location pour la dur\u00e9e du stage dans les \u00e9curies o\u00f9 cela est possible comme au centre \u00e9questre de Marcq-en baroeul.<\/p>\n\n\n\n<h3 class=\"wp-block-heading has-medium-font-size\"><strong>M\u00e9thodes p\u00e9dagogiques adapt\u00e9es \u00e0 votre progression<\/strong><\/h3>\n\n\n\n<p>Mon approche p\u00e9dagogique est centr\u00e9e sur des <strong>exercices pratiques<\/strong> et un suivi <strong>personnalis\u00e9<\/strong>. Voici les principaux outils que nous utiliserons pour vous faire progresser :<\/p>\n\n\n\n<ul class=\"wp-block-list\">\n<li><strong>\u00c9chauffement cibl\u00e9<\/strong> : Chaque s\u00e9ance commence par une pr\u00e9paration physique et mentale adapt\u00e9e \u00e0 votre niveau, pour vous permettre d\u2019aborder l\u2019exercice avec efficacit\u00e9 et s\u00e9r\u00e9nit\u00e9.<\/li>\n\n\n\n<li><strong>Exercices sur le ressenti<\/strong> : \u00c0 travers des exercices pratiques, vous apprendrez \u00e0 mieux ressentir les allures et les mouvements de votre cheval. Ce travail sur le ressenti est fondamental pour am\u00e9liorer votre technique et votre communication avec votre monture.<\/li>\n\n\n\n<li><strong>Analyse et corrections individuelles<\/strong> : Lors des s\u00e9ances, nous ferons un point sur votre position et apporterons les corrections n\u00e9cessaires. <\/li>\n\n\n\n<li><strong>Prise de vid\u00e9os et envoi des vid\u00e9os :<\/strong> s&rsquo;observer permet souvent de faire un point et d&rsquo;ajuster le ressenti avec la r\u00e9alit\u00e9. En option :  analyse des vid\u00e9os soit en directe quand le temps le permet soit vid\u00e9o comment\u00e9es et envoy\u00e9es par la suite.<\/li>\n\n\n\n<li><strong>Gestion de l\u2019\u00e9quilibre<\/strong> : Des exercices sp\u00e9cifiques seront mis en place pour am\u00e9liorer votre \u00e9quilibre, votre stabilit\u00e9 et votre coordination \u00e0 cheval, vous permettant ainsi de mieux r\u00e9agir dans diff\u00e9rentes situations.<\/li>\n<\/ul>\n\n\n\n<h3 class=\"wp-block-heading has-medium-font-size\"><strong>Conditions d\u2019inscription et informations pratiques<\/strong><\/h3>\n\n\n\n<p>Les places pour les stages sont limit\u00e9es \u00e0 4 cavaliers maximum par groupe, afin d\u2019assurer un suivi optimal et personnalis\u00e9 pour chacun des participants. Les inscriptions se font uniquement sur demande, via SMS ou en vous inscrivant directement \u00e0 l\u2019accueil du club.<\/p>\n\n\n\n<ul class=\"wp-block-list\">\n<li><strong>Effectif limit\u00e9 :<\/strong> 4 cavaliers maximum par session<\/li>\n\n\n\n<li><strong>Inscriptions sur demande<\/strong> : Contactez-nous d\u00e8s maintenant pour r\u00e9server votre place !<\/li>\n<\/ul>\n\n\n\n<h3 class=\"wp-block-heading has-medium-font-size\"><strong>Devenez le cavalier id\u00e9al pour votre cheval !<\/strong><\/h3>\n\n\n\n<p>Le perfectionnement de votre position \u00e0 cheval n&rsquo;est pas seulement une question de confort, mais aussi de performance. Ces stages vous permettent d&rsquo;am\u00e9liorer votre technique, d\u2019optimiser votre ressenti et de travailler en profondeur sur votre \u00e9quilibre. Que vous soyez \u00e0 la recherche de nouvelles sensations ou d\u2019une meilleure connexion avec votre cheval, les stages sont con\u00e7us pour vous aider \u00e0 atteindre vos objectifs plus rapidement.<\/p>\n\n\n\n<p><strong>Contactez-moi d\u00e8s maintenant pour r\u00e9server votre place et commencer \u00e0 travailler sur votre progression \u00e0 cheval !<\/strong><\/p>\n\n\n\n<p>\ud83d\udcde <strong>Tel :<\/strong> 0623786178<br>\ud83d\udce7 <strong>Email :<\/strong> <a>aureliemarecaux59@gmail.com<\/a>                                                                                                                                                                                                                                                                                                                                                                                 ou via la rubrique <a href=\"https:\/\/amarecaux-equitation.fr\/index.php\/formulaire\/\" data-type=\"page\" data-id=\"86\">contact<\/a> <\/p>\n\n\n\n<p><\/p>\n\n\n\n<p><\/p>\n\n\n\n<p><\/p>\n\n\n\n<p><\/p>\n","protected":false},"excerpt":{"rendered":"<p>Stage cavalier \u2013 A Mar\u00e9caux \u00c9quitation Pourquoi participer aux stages de perfectionnement ? Les stages perfectionnement Position et Ressenti sont [&hellip;]<\/p>\n","protected":false},"author":1,"featured_media":0,"parent":0,"menu_order":0,"comment_status":"closed","ping_status":"closed","template":"","meta":{"site-sidebar-layout":"default","site-content-layout":"","ast-site-content-layout":"","site-content-style":"default","site-sidebar-style":"default","ast-global-header-display":"","ast-banner-title-visibility":"","ast-main-header-display":"","ast-hfb-above-header-display":"","ast-hfb-below-header-display":"","ast-hfb-mobile-header-display":"","site-post-title":"","ast-breadcrumbs-content":"","ast-featured-img":"","footer-sml-layout":"","theme-transparent-header-meta":"","adv-header-id-meta":"","stick-header-meta":"","header-above-stick-meta":"","header-main-stick-meta":"","header-below-stick-meta":"","astra-migrate-meta-layouts":"default","ast-page-background-enabled":"default","ast-page-background-meta":{"desktop":{"background-color":"var(--ast-global-color-5)","background-image":"","background-repeat":"repeat","background-position":"center center","background-size":"auto","background-attachment":"scroll","background-type":"","background-media":"","overlay-type":"","overlay-color":"","overlay-opacity":"","overlay-gradient":""},"tablet":{"background-color":"","background-image":"","background-repeat":"repeat","background-position":"center center","background-size":"auto","background-attachment":"scroll","background-type":"","background-media":"","overlay-type":"","overlay-color":"","overlay-opacity":"","overlay-gradient":""},"mobile":{"background-color":"","background-image":"","background-repeat":"repeat","background-position":"center center","background-size":"auto","background-attachment":"scroll","background-type":"","background-media":"","overlay-type":"","overlay-color":"","overlay-opacity":"","overlay-gradient":""}},"ast-content-background-meta":{"desktop":{"background-color":"var(--ast-global-color-4)","background-image":"","background-repeat":"repeat","background-position":"center center","background-size":"auto","background-attachment":"scroll","background-type":"","background-media":"","overlay-type":"","overlay-color":"","overlay-opacity":"","overlay-gradient":""},"tablet":{"background-color":"var(--ast-global-color-4)","background-image":"","background-repeat":"repeat","background-position":"center center","background-size":"auto","background-attachment":"scroll","background-type":"","background-media":"","overlay-type":"","overlay-color":"","overlay-opacity":"","overlay-gradient":""},"mobile":{"background-color":"var(--ast-global-color-4)","background-image":"","background-repeat":"repeat","background-position":"center center","background-size":"auto","background-attachment":"scroll","background-type":"","background-media":"","overlay-type":"","overlay-color":"","overlay-opacity":"","overlay-gradient":""}},"footnotes":""},"class_list":["post-69","page","type-page","status-publish","hentry"],"_links":{"self":[{"href":"https:\/\/amarecaux-equitation.fr\/index.php\/wp-json\/wp\/v2\/pages\/69","targetHints":{"allow":["GET"]}}],"collection":[{"href":"https:\/\/amarecaux-equitation.fr\/index.php\/wp-json\/wp\/v2\/pages"}],"about":[{"href":"https:\/\/amarecaux-equitation.fr\/index.php\/wp-json\/wp\/v2\/types\/page"}],"author":[{"embeddable":true,"href":"https:\/\/amarecaux-equitation.fr\/index.php\/wp-json\/wp\/v2\/users\/1"}],"replies":[{"embeddable":true,"href":"https:\/\/amarecaux-equitation.fr\/index.php\/wp-json\/wp\/v2\/comments?post=69"}],"version-history":[{"count":8,"href":"https:\/\/amarecaux-equitation.fr\/index.php\/wp-json\/wp\/v2\/pages\/69\/revisions"}],"predecessor-version":[{"id":519,"href":"https:\/\/amarecaux-equitation.fr\/index.php\/wp-json\/wp\/v2\/pages\/69\/revisions\/519"}],"wp:attachment":[{"href":"https:\/\/amarecaux-equitation.fr\/index.php\/wp-json\/wp\/v2\/media?parent=69"}],"curies":[{"name":"wp","href":"https:\/\/api.w.org\/{rel}","templated":true}]}}