{"id":9,"date":"2025-01-18T17:59:16","date_gmt":"2025-01-18T16:59:16","guid":{"rendered":"https:\/\/amarecaux-equitation.fr\/?page_id=9"},"modified":"2025-05-19T10:35:10","modified_gmt":"2025-05-19T08:35:10","slug":"accueil","status":"publish","type":"page","link":"https:\/\/amarecaux-equitation.fr\/","title":{"rendered":"Accueil"},"content":{"rendered":"\n<div class=\"wp-block-cover alignfull\" style=\"min-height:720px;aspect-ratio:unset;\"><img loading=\"lazy\" decoding=\"async\" width=\"1536\" height=\"2048\" class=\"wp-block-cover__image-background wp-image-43\" alt=\"\" src=\"https:\/\/amarecaux-equitation.fr\/wp-content\/uploads\/2025\/01\/9B202CDB-66EA-4A60-A3D3-CD3C5A47FCB6.jpg\" style=\"object-position:51% 38%\" data-object-fit=\"cover\" data-object-position=\"51% 38%\" srcset=\"https:\/\/amarecaux-equitation.fr\/wp-content\/uploads\/2025\/01\/9B202CDB-66EA-4A60-A3D3-CD3C5A47FCB6.jpg 1536w, https:\/\/amarecaux-equitation.fr\/wp-content\/uploads\/2025\/01\/9B202CDB-66EA-4A60-A3D3-CD3C5A47FCB6-225x300.jpg 225w, https:\/\/amarecaux-equitation.fr\/wp-content\/uploads\/2025\/01\/9B202CDB-66EA-4A60-A3D3-CD3C5A47FCB6-768x1024.jpg 768w, https:\/\/amarecaux-equitation.fr\/wp-content\/uploads\/2025\/01\/9B202CDB-66EA-4A60-A3D3-CD3C5A47FCB6-1152x1536.jpg 1152w\" sizes=\"auto, (max-width: 1536px) 100vw, 1536px\" \/><span aria-hidden=\"true\" class=\"wp-block-cover__background has-ast-global-color-7-background-color has-background-dim\"><\/span><div class=\"wp-block-cover__inner-container is-layout-flow wp-block-cover-is-layout-flow\">\n<div class=\"inherit-container-width wp-block-group alignwide is-layout-constrained wp-block-group-is-layout-constrained\">\n<div class=\"wp-block-columns alignwide is-layout-flex wp-container-core-columns-is-layout-28f84493 wp-block-columns-is-layout-flex\">\n<div class=\"wp-block-column is-layout-flow wp-block-column-is-layout-flow\" style=\"flex-basis:57%\">\n<p><\/p>\n\n\n\n<p><\/p>\n\n\n\n<p><\/p>\n\n\n\n<p><\/p>\n\n\n\n<p><\/p>\n\n\n\n<p><\/p>\n\n\n\n<p><\/p>\n\n\n\n<p><\/p>\n\n\n\n<p><\/p>\n\n\n\n<p style=\"padding-top:0;padding-bottom:0\"><\/p>\n\n\n\n<h1 class=\"wp-block-heading has-text-align-left has-luminous-vivid-orange-color has-text-color has-link-color wp-elements-9a9bcee1a6fbf57529b227a4c2c5e040\">Monter \u00e0 cheval doit \u00eatre un plaisir!<\/h1>\n<\/div>\n\n\n\n<div class=\"wp-block-column is-vertically-aligned-bottom is-layout-flow wp-block-column-is-layout-flow\" style=\"flex-basis:43%\"><\/div>\n<\/div>\n<\/div>\n<\/div><\/div>\n\n\n\n<div class=\"wp-block-group alignfull has-ast-global-color-4-background-color has-background is-layout-constrained wp-container-core-group-is-layout-9cedb757 wp-block-group-is-layout-constrained\" style=\"padding-bottom:0px\">\n<div class=\"wp-block-columns are-vertically-aligned-top is-layout-flex wp-container-core-columns-is-layout-00723822 wp-block-columns-is-layout-flex\">\n<div class=\"wp-block-column is-vertically-aligned-top is-layout-flow wp-container-core-column-is-layout-6b73ce23 wp-block-column-is-layout-flow\">\n<figure class=\"wp-block-image size-full is-resized is-style-rounded\"><img loading=\"lazy\" decoding=\"async\" width=\"108\" height=\"90\" src=\"https:\/\/amarecaux-equitation.fr\/wp-content\/uploads\/2025\/01\/Capture-decran-2025-01-29-114057.png\" alt=\"\" class=\"wp-image-188\" style=\"width:61px;height:auto\"\/><\/figure>\n\n\n\n<h3 class=\"wp-block-heading has-text-align-left\" style=\"margin-top:16px\">Am\u00e9liorer sa monte<\/h3>\n\n\n\n<p class=\"has-text-align-left\">Je propose diff\u00e9rentes solutions pour aider les cavaliers \u00e0 am\u00e9liorer leur position et leur fonctionnement. D\u00e9couvrez des formations et des stages enti\u00e8rement personnalis\u00e9s !<\/p>\n<\/div>\n\n\n\n<div class=\"wp-block-column is-vertically-aligned-top is-layout-flow wp-container-core-column-is-layout-6b73ce23 wp-block-column-is-layout-flow\">\n<figure class=\"wp-block-image size-full is-resized is-style-rounded\"><img loading=\"lazy\" decoding=\"async\" width=\"91\" height=\"90\" src=\"https:\/\/amarecaux-equitation.fr\/wp-content\/uploads\/2025\/01\/Capture-decran-2025-01-29-114649.png\" alt=\"\" class=\"wp-image-190\" style=\"width:53px;height:auto\"\/><\/figure>\n\n\n\n<h3 class=\"wp-block-heading has-text-align-left\" style=\"margin-top:16px\">Apprendre \u00e0 ressentir<\/h3>\n\n\n\n<p class=\"has-text-align-left\">D\u00e9couvrez les diff\u00e9rents ateliers qui permettent aux cavaliers de mieux ressentir et analyser leurs mouvements et ceux de leurs chevaux pour ainsi travailler correctement \u00e0 cheval.<\/p>\n<\/div>\n\n\n\n<div class=\"wp-block-column is-vertically-aligned-top is-layout-flow wp-container-core-column-is-layout-6b73ce23 wp-block-column-is-layout-flow\">\n<figure class=\"wp-block-image size-full is-resized is-style-rounded\"><img loading=\"lazy\" decoding=\"async\" width=\"134\" height=\"114\" src=\"https:\/\/amarecaux-equitation.fr\/wp-content\/uploads\/2025\/01\/Capture-decran-2025-01-29-114657.png\" alt=\"\" class=\"wp-image-191\" style=\"width:58px;height:auto\"\/><\/figure>\n\n\n\n<h3 class=\"wp-block-heading has-text-align-left\" style=\"margin-top:16px\">M\u00e9thode unique <\/h3>\n\n\n\n<p class=\"has-text-align-left\">Gr\u00e2ce \u00e0 mes outils uniques tels que le Caval&rsquo;Fix et le cheval m\u00e9canique notamment, coupl\u00e9s \u00e0 mes connaissances en biom\u00e9canique, j&rsquo;aide les cavaliers au mieux dans leur formation qu&rsquo;ils soient d\u00e9butants ou confirm\u00e9s<\/p>\n<\/div>\n\n\n\n<div class=\"wp-block-column is-vertically-aligned-top is-layout-flow wp-container-core-column-is-layout-6b73ce23 wp-block-column-is-layout-flow\">\n<figure class=\"wp-block-image size-full is-resized is-style-rounded\"><img loading=\"lazy\" decoding=\"async\" width=\"108\" height=\"87\" src=\"https:\/\/amarecaux-equitation.fr\/wp-content\/uploads\/2025\/01\/Capture-decran-2025-01-29-114707.png\" alt=\"\" class=\"wp-image-192\" style=\"width:63px;height:auto\"\/><\/figure>\n\n\n\n<h3 class=\"wp-block-heading has-text-align-left\" style=\"margin-top:16px\">Analyse <br>          vid\u00e9o<\/h3>\n\n\n\n<p class=\"has-text-align-left\">Se faire filmer vous permet de vous voir \u00e0 cheval et de mettre des images sur des sensations. Une analyse de votre position depuis la vid\u00e9o peut \u00eatre faite en pr\u00e9sentiel ou \u00e0 distance. Il est \u00e9galement possible de prendre des cours \u00e0 distance en visio.<\/p>\n<\/div>\n\n\n\n<div class=\"wp-block-column is-vertically-aligned-top is-layout-flow wp-container-core-column-is-layout-6b73ce23 wp-block-column-is-layout-flow\">\n<figure class=\"wp-block-image size-full is-resized is-style-rounded\"><img loading=\"lazy\" decoding=\"async\" width=\"127\" height=\"96\" src=\"https:\/\/amarecaux-equitation.fr\/wp-content\/uploads\/2025\/01\/Capture-decran-2025-01-29-114720.png\" alt=\"\" class=\"wp-image-193\" style=\"width:64px;height:auto\"\/><\/figure>\n\n\n\n<h3 class=\"wp-block-heading has-text-align-left\" style=\"margin-top:16px\">Solution mat\u00e9riel<\/h3>\n\n\n\n<p class=\"has-text-align-left\">Comme un \u00ab\u00a0personnal shopper\u00a0\u00bb je vous aide \u00e0 trouver du mat\u00e9riel adapt\u00e9 \u00e0 vous et votre cheval en fonction de votre budget.<br>D\u00e9couvrez aussi une solution pour revendre le mat\u00e9riel dont vous ne vous servez plus : le <a href=\"https:\/\/amarecaux-equitation.fr\/index.php\/depots-ventes\/\" data-type=\"page\" data-id=\"79\">d\u00e9pot vente<\/a> !<\/p>\n<\/div>\n<\/div>\n<\/div>\n\n\n\n<div class=\"wp-block-group alignfull has-ast-global-color-4-background-color has-background is-layout-constrained wp-block-group-is-layout-constrained\" id=\"services\" style=\"padding-top:144px;padding-bottom:0px\">\n<h2 class=\"wp-block-heading\">Mes stages<\/h2>\n\n\n\n<div class=\"wp-block-columns is-layout-flex wp-container-core-columns-is-layout-60cbf9bb wp-block-columns-is-layout-flex\" style=\"margin-top:50px\">\n<div class=\"wp-block-column is-layout-flow wp-container-core-column-is-layout-6b73ce23 wp-block-column-is-layout-flow\">\n<figure class=\"wp-block-image size-full is-resized\"><a href=\"https:\/\/amarecaux-equitation.fr\/index.php\/stage-declic\/\"><img loading=\"lazy\" decoding=\"async\" width=\"316\" height=\"273\" src=\"https:\/\/amarecaux-equitation.fr\/wp-content\/uploads\/2025\/01\/Capture-decran-2025-01-29-121602.png\" alt=\"\" class=\"wp-image-202\" style=\"width:350px;height:auto\" srcset=\"https:\/\/amarecaux-equitation.fr\/wp-content\/uploads\/2025\/01\/Capture-decran-2025-01-29-121602.png 316w, https:\/\/amarecaux-equitation.fr\/wp-content\/uploads\/2025\/01\/Capture-decran-2025-01-29-121602-300x259.png 300w\" sizes=\"auto, (max-width: 316px) 100vw, 316px\" \/><\/a><\/figure>\n\n\n\n<h3 class=\"wp-block-heading\" style=\"margin-top:16px\">Stage D\u00e9clic <\/h3>\n\n\n\n<p class=\"has-small-font-size\">Stage de 4 jours destin\u00e9 aux cavaliers propri\u00e9taires de leur cheval dans le but d&rsquo;am\u00e9liorer leur ressenti pour affiner leur communication avec leur cheval et ainsi penser au bien \u00eatre du couple.<\/p>\n<\/div>\n\n\n\n<div class=\"wp-block-column is-layout-flow wp-container-core-column-is-layout-6b73ce23 wp-block-column-is-layout-flow\">\n<figure class=\"wp-block-image size-full is-resized\"><img loading=\"lazy\" decoding=\"async\" width=\"324\" height=\"285\" src=\"https:\/\/amarecaux-equitation.fr\/wp-content\/uploads\/2025\/01\/Capture-decran-2025-01-30-151903.png\" alt=\"\" class=\"wp-image-240\" style=\"width:337px;height:auto\" srcset=\"https:\/\/amarecaux-equitation.fr\/wp-content\/uploads\/2025\/01\/Capture-decran-2025-01-30-151903.png 324w, https:\/\/amarecaux-equitation.fr\/wp-content\/uploads\/2025\/01\/Capture-decran-2025-01-30-151903-300x264.png 300w\" sizes=\"auto, (max-width: 324px) 100vw, 324px\" \/><\/figure>\n\n\n\n<h3 class=\"wp-block-heading\" style=\"margin-top:16px\">Stage Cavaliers <\/h3>\n\n\n\n<p class=\"has-small-font-size\">Le stage \u00ab\u00a0<strong>Ta position optimis\u00e9e\u00a0\u00bb<\/strong>  con\u00e7u pour les cavaliers, propri\u00e9taires ou non, souhaitant am\u00e9liorer leur position et trouver des axes de progression : stabilit\u00e9, assiette, \u00e9quilibre, contact, utilisation des aides&#8230;<\/p>\n<\/div>\n\n\n\n<div class=\"wp-block-column is-layout-flow wp-container-core-column-is-layout-6b73ce23 wp-block-column-is-layout-flow\">\n<figure class=\"wp-block-image size-full is-resized\"><img loading=\"lazy\" decoding=\"async\" width=\"323\" height=\"297\" src=\"https:\/\/amarecaux-equitation.fr\/wp-content\/uploads\/2025\/01\/Capture-decran-2025-01-30-151930.png\" alt=\"\" class=\"wp-image-241\" style=\"width:334px;height:auto\" srcset=\"https:\/\/amarecaux-equitation.fr\/wp-content\/uploads\/2025\/01\/Capture-decran-2025-01-30-151930.png 323w, https:\/\/amarecaux-equitation.fr\/wp-content\/uploads\/2025\/01\/Capture-decran-2025-01-30-151930-300x276.png 300w\" sizes=\"auto, (max-width: 323px) 100vw, 323px\" \/><\/figure>\n\n\n\n<h3 class=\"wp-block-heading\" style=\"margin-top:16px\">Stage Enseignant<\/h3>\n\n\n\n<p>Le stage<strong> \u00ab\u00a0Analyse de Position et Ressenti\u00a0\u00bb<\/strong> &nbsp;est sp\u00e9cialement con\u00e7u pour les enseignants d&rsquo;\u00e9quitation souhaitant am\u00e9liorer leur capacit\u00e9 \u00e0 analyser la position des cavaliers et \u00e0 guider efficacement leur progression<\/p>\n<\/div>\n<\/div>\n<\/div>\n\n\n\n<div class=\"wp-block-columns is-layout-flex wp-container-core-columns-is-layout-28f84493 wp-block-columns-is-layout-flex\">\n<div class=\"wp-block-column is-layout-flow wp-block-column-is-layout-flow\" style=\"flex-basis:100%\">\n<figure class=\"wp-block-image size-large is-resized\"><img loading=\"lazy\" decoding=\"async\" width=\"1024\" height=\"383\" src=\"https:\/\/amarecaux-equitation.fr\/wp-content\/uploads\/2025\/02\/Capture-decran-2025-02-03-125059-1024x383.png\" alt=\"\" class=\"wp-image-269\" style=\"width:1040px;height:auto\" srcset=\"https:\/\/amarecaux-equitation.fr\/wp-content\/uploads\/2025\/02\/Capture-decran-2025-02-03-125059-1024x383.png 1024w, https:\/\/amarecaux-equitation.fr\/wp-content\/uploads\/2025\/02\/Capture-decran-2025-02-03-125059-300x112.png 300w, https:\/\/amarecaux-equitation.fr\/wp-content\/uploads\/2025\/02\/Capture-decran-2025-02-03-125059-768x287.png 768w, https:\/\/amarecaux-equitation.fr\/wp-content\/uploads\/2025\/02\/Capture-decran-2025-02-03-125059.png 1208w\" sizes=\"auto, (max-width: 1024px) 100vw, 1024px\" \/><\/figure>\n<\/div>\n<\/div>\n\n\n\n<div class=\"wp-block-group alignfull has-ast-global-color-5-background-color has-background is-layout-constrained wp-container-core-group-is-layout-94d206d0 wp-block-group-is-layout-constrained\" id=\"about\" style=\"padding-top:143px;padding-bottom:144px\">\n<div class=\"wp-block-media-text has-media-on-the-right is-stacked-on-mobile is-vertically-aligned-center is-image-fill-element\" style=\"grid-template-columns:auto 35%\"><div class=\"wp-block-media-text__content\">\n<div class=\"inherit-container-width wp-block-group is-layout-constrained wp-container-core-group-is-layout-47ce07ec wp-block-group-is-layout-constrained\" style=\"padding-right:80px\">\n<h2 class=\"wp-block-heading\" style=\"padding-right:40px\">Pr\u00e9sentation<\/h2>\n\n\n\n<p>Bonjour, je m&rsquo;appelle <strong>Aur\u00e9lie Mar\u00e9caux<\/strong> et je suis cavali\u00e8re depuis l&rsquo;\u00e2ge de 5 ans. Je suis propri\u00e9taire de trois chevaux, dont deux que j&rsquo;ai fait na\u00eetre. Titulaire du BPJEPS Equitation, je suis <strong>monitrice<\/strong> d\u2019\u00e9quitation ind\u00e9pendante depuis 10 ans et<strong> coach en biom\u00e9canique \u00e9questre<\/strong>, sp\u00e9cialis\u00e9e dans l&rsquo;am\u00e9lioration de la position et du fonctionnement des cavaliers.<\/p>\n\n\n\n<p>Pour accompagner mes \u00e9l\u00e8ves dans leur progression pour optimiser leur fonctionnement corporel et am\u00e9liorer la communication et l&rsquo;harmonie du couple, je travaille sur plusieurs plans : <br>&#8211; Travail \u00e0 cheval : d\u00e9veloppement du cognitif (ressenti, \u00e9quilibre, sym\u00e9trie&#8230;) et de la technique,<br>&#8211; Travail sur un <strong>cheval m\u00e9canique<\/strong> ou <strong>simulateur \u00e9questre<\/strong> : Conscientiser sa posture et ses propres gestes en se concentrant uniquement sur soi sans l&rsquo;influence du cheval et de param\u00e8tres ext\u00e9rieurs.<br>&#8211; Travail au sol : ateliers psychomoteurs, routine d&rsquo;\u00e9chauffement et d&rsquo;\u00e9tirement, exercices de renforcement musculaire et proprioception&#8230;<br>&#8211; Travail sur la th\u00e9orie : D\u00e9veloppement des connaissances pour \u00eatre plus \u00e0 m\u00eame de comprendre son fonctionnement et celui de son cheval<\/p>\n\n\n\n<p>Lors de stages et ateliers, je travaille en partenariat avec des professionnels en lien avec le bien \u00eatre des cavaliers et des chevaux comme des coachs de Pilates et de Yoga, Chiropracteur, Saddle fitter&#8230;<\/p>\n\n\n\n<p>En plus de mes activit\u00e9s p\u00e9dagogiques, je donne des conf\u00e9rences  comme par exemple <strong>\u00ab\u00a0Am\u00e9liorer sa position \u00e0 cheval\u00a0\u00bb<\/strong> ou <strong>\u00ab\u00a0Impact de la posture en selle sur la communication\u00a0\u00bb<\/strong>, abordant des notions essentielles telles que la <strong>biom\u00e9canique du cavalier<\/strong>, la <strong>pr\u00e9paration physique<\/strong> et l&rsquo;<strong>analyse \u00e0 cheval<\/strong>.<\/p>\n\n\n\n<p>J&rsquo;ai \u00e9galement d\u00e9velopp\u00e9 un <a href=\"https:\/\/amarecaux-equitation.fr\/index.php\/programme-beac\/\" data-type=\"page\" data-id=\"63\">programme complet<\/a> : <strong>\u00ab\u00a0Bien-\u00eatre \u00e0 Cheval\u00a0\u00bb<\/strong>, pour aider les cavaliers \u00e0 am\u00e9liorer leurs capacit\u00e9s psychomotrices, \u00e0 apprendre \u00e0 ressentir le fonctionnement de leur cheval, et \u00e0 mieux communiquer avec lui. Ce programme est d\u00e9clin\u00e9 en version stage de 4 jours : <a href=\"https:\/\/amarecaux-equitation.fr\/index.php\/stage-declic\/\" data-type=\"page\" data-id=\"65\"><strong>Stage D\u00e9clic <\/strong><\/a><\/p>\n<\/div>\n<\/div><figure class=\"wp-block-media-text__media\"><img loading=\"lazy\" decoding=\"async\" width=\"251\" height=\"315\" src=\"https:\/\/amarecaux-equitation.fr\/wp-content\/uploads\/2025\/01\/Capture-decran-2025-01-21-124322.png\" alt=\"\" class=\"wp-image-207 size-full\" style=\"object-position:69% 60%\" srcset=\"https:\/\/amarecaux-equitation.fr\/wp-content\/uploads\/2025\/01\/Capture-decran-2025-01-21-124322.png 251w, https:\/\/amarecaux-equitation.fr\/wp-content\/uploads\/2025\/01\/Capture-decran-2025-01-21-124322-239x300.png 239w\" sizes=\"auto, (max-width: 251px) 100vw, 251px\" \/><\/figure><\/div>\n<\/div>\n\n\n\n<div class=\"wp-block-group alignfull has-ast-global-color-4-background-color has-background is-layout-constrained wp-container-core-group-is-layout-6a2cfb7b wp-block-group-is-layout-constrained\" id=\"reviews\">\n<figure class=\"wp-block-image aligncenter size-full is-resized is-style-rounded\"><img loading=\"lazy\" decoding=\"async\" width=\"236\" height=\"325\" src=\"http:\/\/amarecaux-equitation.fr\/wp-content\/uploads\/2025\/02\/Capture-decran-2025-01-21-124303-1.png\" alt=\"\" class=\"wp-image-284\" style=\"width:149px;height:auto\" srcset=\"https:\/\/amarecaux-equitation.fr\/wp-content\/uploads\/2025\/02\/Capture-decran-2025-01-21-124303-1.png 236w, https:\/\/amarecaux-equitation.fr\/wp-content\/uploads\/2025\/02\/Capture-decran-2025-01-21-124303-1-218x300.png 218w\" sizes=\"auto, (max-width: 236px) 100vw, 236px\" \/><\/figure>\n\n\n\n<p class=\"has-text-align-center\" style=\"font-size:22px;line-height:1.6\">\u00ab\u00a0Mon but est d&rsquo;aider un maximum de cavaliers \u00e0 prendre conscience qu&rsquo;ils sont ma\u00eetre de leur progression et responsables de leur bien \u00eatre et de celui de leur cheval. Cela passe par des bases solides et une bonne gestion de leur corps et de leurs sensations pour une communication optimale avec le cheval.\u00a0\u00bb<\/p>\n\n\n\n<p class=\"has-text-align-center\">Aur\u00e9lie Mar\u00e9caux<\/p>\n\n\n\n<figure class=\"wp-block-image size-full\"><img loading=\"lazy\" decoding=\"async\" width=\"897\" height=\"506\" src=\"https:\/\/amarecaux-equitation.fr\/wp-content\/uploads\/2025\/05\/Capture-decran-2025-05-19-094334.png\" alt=\"\" class=\"wp-image-535\" srcset=\"https:\/\/amarecaux-equitation.fr\/wp-content\/uploads\/2025\/05\/Capture-decran-2025-05-19-094334.png 897w, https:\/\/amarecaux-equitation.fr\/wp-content\/uploads\/2025\/05\/Capture-decran-2025-05-19-094334-300x169.png 300w, https:\/\/amarecaux-equitation.fr\/wp-content\/uploads\/2025\/05\/Capture-decran-2025-05-19-094334-768x433.png 768w\" sizes=\"auto, (max-width: 897px) 100vw, 897px\" \/><\/figure>\n<\/div>\n\n\n\n<div class=\"wp-block-group alignfull has-ast-global-color-4-background-color has-background is-layout-constrained wp-container-core-group-is-layout-3fee123f wp-block-group-is-layout-constrained\" id=\"whyus\" style=\"padding-top:144px;padding-bottom:144px\">\n<h2 class=\"wp-block-heading\">Pourquoi me choisir ?<\/h2>\n\n\n\n<div class=\"wp-block-columns is-layout-flex wp-container-core-columns-is-layout-29aadeec wp-block-columns-is-layout-flex\" style=\"margin-top:60px\">\n<div class=\"wp-block-column is-layout-flow wp-container-core-column-is-layout-6b73ce23 wp-block-column-is-layout-flow\">\n<figure class=\"wp-block-image size-full is-resized is-style-rounded\"><img loading=\"lazy\" decoding=\"async\" width=\"105\" height=\"83\" src=\"https:\/\/amarecaux-equitation.fr\/wp-content\/uploads\/2025\/01\/Capture-decran-2025-01-29-150517.png\" alt=\"\" class=\"wp-image-208\" style=\"width:70px;height:auto\"\/><\/figure>\n\n\n\n<h3 class=\"wp-block-heading\" style=\"margin-top:16px\">Adaptabilit\u00e9 selon vos besoins<\/h3>\n\n\n\n<p>Ma capacit\u00e9 d&rsquo;analyse me permet de cibler rapidement les points de progression des cavaliers et d&rsquo;adapter le contenu des s\u00e9ances \u00e0 leurs besoins.<br>Je suis polyvalente et m&rsquo;adresse \u00e0 diff\u00e9rents publics en proposant des services \u00ab\u00a0sur-mesure\u00a0\u00bb afin de coller au mieux \u00e0 vos attentes pour une exp\u00e9rience r\u00e9ussie !<\/p>\n<\/div>\n\n\n\n<div class=\"wp-block-column is-layout-flow wp-container-core-column-is-layout-6b73ce23 wp-block-column-is-layout-flow\">\n<figure class=\"wp-block-image size-full is-resized is-style-rounded\"><img loading=\"lazy\" decoding=\"async\" width=\"134\" height=\"86\" src=\"https:\/\/amarecaux-equitation.fr\/wp-content\/uploads\/2025\/01\/Capture-decran-2025-01-29-150525.png\" alt=\"\" class=\"wp-image-209\" style=\"width:81px;height:auto\"\/><\/figure>\n\n\n\n<h3 class=\"wp-block-heading\" style=\"margin-top:16px\">Approche globale du couple <\/h3>\n\n\n\n<p>Vous accompagner au mieux de votre formation \u00e9questre est une priorit\u00e9. Il est important de prendre en compte le fonctionnement du cavalier et du cheval ensemble. L&rsquo;objectif \u00e9tant que le couple progresse en harmonie. De part mon exp\u00e9rience, je suis capable de faire progresser des cavaliers de diff\u00e9rents niveaux et chevaux de tous \u00e2ges.<\/p>\n<\/div>\n\n\n\n<div class=\"wp-block-column is-layout-flow wp-container-core-column-is-layout-6b73ce23 wp-block-column-is-layout-flow\">\n<figure class=\"wp-block-image size-full is-resized is-style-rounded\"><img loading=\"lazy\" decoding=\"async\" width=\"134\" height=\"95\" src=\"https:\/\/amarecaux-equitation.fr\/wp-content\/uploads\/2025\/01\/Capture-decran-2025-01-29-150531.png\" alt=\"\" class=\"wp-image-210\" style=\"width:76px;height:auto\"\/><\/figure>\n\n\n\n<h3 class=\"wp-block-heading\" style=\"margin-top:16px\">Exp\u00e9rience et innovation<\/h3>\n\n\n\n<p>En 10 ans j&rsquo;ai accompagn\u00e9 de nombreux couples dans leur \u00e9volution. J&rsquo;ai travaill\u00e9 avec des profils tr\u00e8s vari\u00e9s.<br>Mes comp\u00e9tences sont diversifi\u00e9es et je cherche toujours \u00e0 en apprendre plus pour \u00ab\u00a0savoir expliquer\u00a0\u00bb.<br>F\u00e9rue d&rsquo;innovations, je me tiens inform\u00e9e des nouveaut\u00e9s et j&rsquo;ai m\u00eame cr\u00e9\u00e9 et  brevet\u00e9 une solution pour aider les cavalier : <a href=\"https:\/\/amarecaux-equitation.fr\/index.php\/cavalfix\/\" data-type=\"page\" data-id=\"55\">Caval&rsquo;FIX<\/a>.<\/p>\n<\/div>\n<\/div>\n<\/div>\n\n\n\n<p><\/p>\n\n\n\n<div id=\"contact\" class=\"wp-block-group has-background is-layout-grid wp-container-core-group-is-layout-8694a22c wp-block-group-is-layout-grid\" style=\"background:linear-gradient(135deg,rgb(255,180,99) 0%,rgb(242,157,77) 46%,rgb(255,152,78) 100%);padding-top:104px;padding-bottom:104px\">\n<ul class=\"wp-block-list wp-container-content-de607dbc\">\n<li>Me contacter :\n<ul class=\"wp-block-list\">\n<li>(+33) 06.23.78.61.78 <\/li>\n\n\n\n<li>aureliemarecaux59@gmail.com<\/li>\n\n\n\n<li><a href=\"https:\/\/amarecaux-equitation.fr\/index.php\/formulaire\/\" data-type=\"page\" data-id=\"86\">formulaire de contact<\/a> <\/li>\n\n\n\n<li>mes r\u00e9seaux sociaux : a_marecaux_equitation<\/li>\n<\/ul>\n<\/li>\n\n\n\n<li>Me trouver : Centre \u00e9questre de Marcq en Baoreul, 108 rue de la Rianderie Marcq-en-Bar\u0153ul<br><br>Acc\u00e9der au <a href=\"https:\/\/amarecaux-equitation.fr\/index.php\/conditions-generales-de-vente-et-de-location\/\" data-type=\"page\" data-id=\"247\">conditions g\u00e9n\u00e9ral de vente et de locati<\/a><\/li>\n<\/ul>\n<\/div>\n\n\n\n<p><\/p>\n","protected":false},"excerpt":{"rendered":"<p>Am\u00e9liorer sa monte Je propose diff\u00e9rentes solutions pour aider les cavaliers \u00e0 am\u00e9liorer leur position et leur fonctionnement. D\u00e9couvrez des [&hellip;]<\/p>\n","protected":false},"author":1,"featured_media":0,"parent":0,"menu_order":0,"comment_status":"closed","ping_status":"closed","template":"","meta":{"site-sidebar-layout":"no-sidebar","site-content-layout":"plain-container","ast-site-content-layout":"","site-content-style":"default","site-sidebar-style":"default","ast-global-header-display":"","ast-banner-title-visibility":"","ast-main-header-display":"","ast-hfb-above-header-display":"","ast-hfb-below-header-display":"","ast-hfb-mobile-header-display":"","site-post-title":"disabled","ast-breadcrumbs-content":"","ast-featured-img":"","footer-sml-layout":"","theme-transparent-header-meta":"enabled","adv-header-id-meta":"","stick-header-meta":"","header-above-stick-meta":"","header-main-stick-meta":"","header-below-stick-meta":"","astra-migrate-meta-layouts":"default","ast-page-background-enabled":"default","ast-page-background-meta":{"desktop":{"background-color":"var(--ast-global-color-5)","background-image":"","background-repeat":"repeat","background-position":"center center","background-size":"auto","background-attachment":"scroll","background-type":"","background-media":"","overlay-type":"","overlay-color":"","overlay-opacity":"","overlay-gradient":""},"tablet":{"background-color":"","background-image":"","background-repeat":"repeat","background-position":"center center","background-size":"auto","background-attachment":"scroll","background-type":"","background-media":"","overlay-type":"","overlay-color":"","overlay-opacity":"","overlay-gradient":""},"mobile":{"background-color":"","background-image":"","background-repeat":"repeat","background-position":"center center","background-size":"auto","background-attachment":"scroll","background-type":"","background-media":"","overlay-type":"","overlay-color":"","overlay-opacity":"","overlay-gradient":""}},"ast-content-background-meta":{"desktop":{"background-color":"var(--ast-global-color-4)","background-image":"","background-repeat":"repeat","background-position":"center center","background-size":"auto","background-attachment":"scroll","background-type":"","background-media":"","overlay-type":"","overlay-color":"","overlay-opacity":"","overlay-gradient":""},"tablet":{"background-color":"var(--ast-global-color-4)","background-image":"","background-repeat":"repeat","background-position":"center center","background-size":"auto","background-attachment":"scroll","background-type":"","background-media":"","overlay-type":"","overlay-color":"","overlay-opacity":"","overlay-gradient":""},"mobile":{"background-color":"var(--ast-global-color-4)","background-image":"","background-repeat":"repeat","background-position":"center center","background-size":"auto","background-attachment":"scroll","background-type":"","background-media":"","overlay-type":"","overlay-color":"","overlay-opacity":"","overlay-gradient":""}},"footnotes":""},"class_list":["post-9","page","type-page","status-publish","hentry"],"_links":{"self":[{"href":"https:\/\/amarecaux-equitation.fr\/index.php\/wp-json\/wp\/v2\/pages\/9","targetHints":{"allow":["GET"]}}],"collection":[{"href":"https:\/\/amarecaux-equitation.fr\/index.php\/wp-json\/wp\/v2\/pages"}],"about":[{"href":"https:\/\/amarecaux-equitation.fr\/index.php\/wp-json\/wp\/v2\/types\/page"}],"author":[{"embeddable":true,"href":"https:\/\/amarecaux-equitation.fr\/index.php\/wp-json\/wp\/v2\/users\/1"}],"replies":[{"embeddable":true,"href":"https:\/\/amarecaux-equitation.fr\/index.php\/wp-json\/wp\/v2\/comments?post=9"}],"version-history":[{"count":64,"href":"https:\/\/amarecaux-equitation.fr\/index.php\/wp-json\/wp\/v2\/pages\/9\/revisions"}],"predecessor-version":[{"id":536,"href":"https:\/\/amarecaux-equitation.fr\/index.php\/wp-json\/wp\/v2\/pages\/9\/revisions\/536"}],"wp:attachment":[{"href":"https:\/\/amarecaux-equitation.fr\/index.php\/wp-json\/wp\/v2\/media?parent=9"}],"curies":[{"name":"wp","href":"https:\/\/api.w.org\/{rel}","templated":true}]}}